List the prime factors of 777519.
3, 29, 331
What are the prime factors of 197951?
13, 15227
What are the prime factors of 7277934?
2, 3, 1212989
What are the prime factors of 8125509?
3, 7, 23, 16823
What are the prime factors of 96630?
2, 3, 5, 3221
List the prime factors of 18827920.
2, 5, 235349
What are the prime factors of 3931288?
2, 59, 8329
What are the prime factors of 735070?
2, 5, 7, 10501
What are the prime factors of 2829326?
2, 1414663
List the prime factors of 463248.
2, 3, 3217
What are the prime factors of 584469?
3, 21647
List the prime factors of 7732195.
5, 17, 5351
List the prime factors of 109999.
317, 347
What are the prime factors of 158911?
367, 433
List the prime factors of 227730.
2, 3, 5, 7591
What are the prime factors of 12780930?
2, 3, 5, 41, 10391
What are the prime factors of 526244?
2, 131561
List the prime factors of 23926098.
2, 3, 7, 79, 7211
What are the prime factors of 618975?
3, 5, 7, 131
List the prime factors of 10518273.
3, 43, 27179
List the prime factors of 648121.
29, 22349
What are the prime factors of 3409076?
2, 11, 77479
List the prime factors of 132915.
3, 5, 8861
What are the prime factors of 237625?
5, 1901
What are the prime factors of 4809426?
2, 3, 801571
What are the prime factors of 11942541?
3, 13, 103, 991
List the prime factors of 83890.
2, 5, 8389
List the prime factors of 5738578.
2, 29, 163, 607
List the prime factors of 8867468.
2, 991, 2237
List the prime factors of 284726.
2, 13, 47, 233
What are the prime factors of 686166?
2, 3, 13, 19, 463
List the prime factors of 9785486.
2, 101, 193, 251
What are the prime factors of 1159906?
2, 11, 4793
What are the prime factors of 327577?
31, 10567
What are the prime factors of 580613?
11, 52783
List the prime factors of 2746462.
2, 797, 1723
List the prime factors of 1611851.
1611851
List the prime factors of 5586824.
2, 41, 17033
List the prime factors of 1647992.
2, 113, 1823
List the prime factors of 941341.
17, 55373
List the prime factors of 2548602.
2, 3, 7, 113, 179
What are the prime factors of 602081?
602081
List the prime factors of 7996374.
2, 3, 373, 397
List the prime factors of 26292.
2, 3, 7, 313
List the prime factors of 385550.
2, 5, 11, 701
What are the prime factors of 193369?
11, 17579
List the prime factors of 58672.
2, 19, 193
What are the prime factors of 7537752?
2, 3, 34897
What are the prime factors of 1449824?
2, 45307
List the prime factors of 1269193.
1269193
List the prime factors of 5819410.
2, 5, 581941
What are the prime factors of 4950231?
3, 11, 13, 1049
What are the prime factors of 48650?
2, 5, 7, 139
List the prime factors of 147159.
3, 83, 197
List the prime factors of 307080.
2, 3, 5, 853
List the prime factors of 7812327.
3, 379, 6871
What are the prime factors of 532533?
3, 177511
What are the prime factors of 3448894?
2, 1724447
List the prime factors of 548443.
7, 47, 1667
List the prime factors of 1247294.
2, 113, 5519
List the prime factors of 224599.
19, 11821
List the prime factors of 1713887.
7, 244841
What are the prime factors of 14590136?
2, 11, 37, 4481
List the prime factors of 3134517.
3, 1044839
What are the prime factors of 546119?
7, 78017
List the prime factors of 1874385.
3, 5, 23, 1811
List the prime factors of 481288.
2, 60161
What are the prime factors of 115614?
2, 3, 2141
List the prime factors of 3556708.
2, 889177
List the prime factors of 97102.
2, 47, 1033
What are the prime factors of 165992?
2, 20749
List the prime factors of 12399352.
2, 7, 47, 673
List the prime factors of 482360.
2, 5, 31, 389
What are the prime factors of 257852?
2, 7, 9209
What are the prime factors of 352141?
349, 1009
List the prime factors of 12736592.
2, 11, 72367
What are the prime factors of 337797?
3, 12511
List the prime factors of 81756.
2, 3, 757
List the prime factors of 1277509.
79, 103, 157
List the prime factors of 3689344.
2, 19, 37, 41
List the prime factors of 1008408.
2, 3, 42017
List the prime factors of 371435.
5, 74287
What are the prime factors of 591121?
43, 59, 233
What are the prime factors of 905954?
2, 7, 163, 397
List the prime factors of 19229273.
7, 19, 163, 887
What are the prime factors of 11779053?
3, 11, 13, 27457
List the prime factors of 57256.
2, 17, 421
List the prime factors of 906725.
5, 36269
What are the prime factors of 2819554?
2, 29, 173, 281
What are the prime factors of 16676?
2, 11, 379
What are the prime factors of 21646?
2, 79, 137
List the prime factors of 759997.
7, 108571
What are the prime factors of 1390766?
2, 13, 149, 359
What are the prime factors of 35307434?
2, 19, 47, 53, 373
What are the prime factors of 271337?
11, 17, 1451
List the prime factors of 1930306.
2, 7, 19697
List the prime factors of 366664.
2, 45833
What are the prime factors of 9552788?
2, 7, 341171
List the prime factors of 118349.
7, 11, 29, 53
List the prime factors of 382316.
2, 11, 8689
What are the prime factors of 22253272?
2, 17, 163627
What are the prime factors of 17062170?
2, 3, 5, 197, 2887
List the prime factors of 882115.
5, 13, 41, 331
What are the prime factors of 1289077?
1289077
List the prime factors of 113735.
5, 23, 43
What are the prime factors of 1223663?
7, 31, 5639
What are the prime factors of 462783?
3, 19, 23, 353
What are the prime factors of 6668907?
3, 7, 541, 587
What are the prime factors of 720422?
2, 43, 8377
What are the prime factors of 4811908?
2, 1202977
List the prime factors of 567367.
567367
What are the prime factors of 133855?
5, 19, 1409
List the prime factors of 18654667.
89, 239, 877
List the prime factors of 1536662.
2, 83, 9257
List the prime factors of 2421409.
227, 10667
What are the prime factors of 2534?
2, 7, 181
What are the prime factors of 11205640?
2, 5, 457, 613
List the prime factors of 25536096.
2, 3, 88667
What are the prime factors of 178237?
137, 1301
What are the prime factors of 937756?
2, 23, 10193
List the prime factors of 316842.
2, 3, 52807
List the prime factors of 1940475.
3, 5, 25873
List the prime factors of 431045.
5, 86209
List the prime factors of 530336.
2, 16573
What are the prime factors of 6228126?
2, 3, 179, 1933
List the prime factors of 3509683.
241, 14563
What are the prime factors of 9000782?
2, 7, 47, 13679
What are the prime factors of 10741882?
2, 5370941
List the prime factors of 1596339.
3, 83, 2137
What are the prime factors of 730309?
571, 1279
What are the prime factors of 932142?
2, 3, 337, 461
What are the prime factors of 3297887?
19, 173573
List the prime factors of 4005509.
29, 37, 3733
List the prime factors of 412624.
2, 17, 37, 41
List the prime factors of 377132.
2, 7, 13469
List the prime factors of 10230461.
71, 89, 1619
What are the prime factors of 1933826?
2, 966913
What are the prime factors of 3778592?
2, 118081
What are the prime factors of 6251394?
2, 3, 83, 12553
What are the prime factors of 1376666?
2, 688333
List the prime factors of 8626023.
3, 7, 269, 509
List the prime factors of 136616.
2, 17077
What are the prime factors of 496137?
3, 165379
List the prime factors of 1563180.
2, 3, 5, 26053
What are the prime factors of 631894?
2, 139, 2273
What are the prime factors of 3524000?
2, 5, 881
What are the prime factors of 19262865?
3, 5, 19, 67589
What are the prime factors of 198904?
2, 23, 47
What are the prime factors of 3643794?
2, 3, 7, 11, 239
List the prime factors of 49018.
2, 24509
List the prime factors of 47268.
2, 3, 13, 101
What are the prime factors of 32491699?
251, 129449
List the prime factors of 12650037.
3, 263, 16033
What are the prime factors of 1840865?
5, 13, 127, 223
What are the prime factors of 894386?
2, 447193
What are the prime factors of 8423830?
2, 5, 842383
List the prime factors of 4356502.
2, 43, 179, 283
What are the prime factors of 1266096?
2, 3, 13, 2029
What are the prime factors of 9263772?
2, 3, 7, 36761
What are the prime factors of 23780636?
2, 11, 540469
What are the prime factors of 127973?
127973
List the prime factors of 274341.
3, 19, 4813
What are the prime factors of 487720?
2, 5, 89, 137
What are the prime factors of 145556?
2, 36389
What are the prime factors of 175233?
3, 58411
What are the prime factors of 843150?
2, 3, 5, 7, 11, 73
What are the prime factors of 2361379?
2361379
What are the p